se -5*p + 15*p - 20 = 0. Let j(s) = -s - 2 - 824*s**p - 1 + 890*s**2. Is j(2) a composite number?
True
Let t(k) = -k + 683. Suppose -4*s = 4*n + 3 + 5, 0 = 2*s - n - 5. Let q be s/4 - (1 + 3/(-4)). Is t(q) composite?
False
Let w be (-80)/3 - (24/(-9) - -2). Let m = -21 - w. Suppose m*a - 2937 = 2878. Is a prime?
True
Suppose 304*r + 306*r = 169580. Suppose -5*j + 563 = -z, -2*j + 3*j - 4*z = 105. Let n = j + r. Is n prime?
False
Let x = -24092 + 66037. Is x a composite number?
True
Suppose -3*s + 11 = -k, 29*s - 31*s = 2*k - 18. Suppose -t = 5*b - 1451, -3*t + b + k*b + 4433 = 0. Is t prime?
True
Let a = -397 + 41. Let x be (-8 + 9)*a/(-2). Is -21*(-1)/6*x prime?
False
Let t(m) = 2872*m**3 + 2*m**2 + m. Let r be t(-1). Let g = r + 5658. Is g composite?
True
Let s(k) = 74*k**2 + 15*k - 28. Let j be s(3). Let z = j - -698. Is z prime?
True
Let l = -89 - -102. Suppose 3*r - 48 = -l*r. Suppose 6 = -k + r*k, 3*k - 2246 = -y. Is y prime?
True
Let a(w) = 10718*w**3 + 4*w**2 + 11*w + 2. Let x(i) = i**3 + 2*i**2 + i. Let l(o) = -a(o) - 4*x(o). Is l(-1) composite?
False
Let d be (4/(-6))/((-20)/630). Let i(q) = 42*q**2 - 49*q - 26. Is i(d) a composite number?
False
Suppose 0 = 8*r - 11*r + 6. Suppose -2 = -2*c, -h + 29 = -c - r*c. Let g = 99 - h. Is g composite?
False
Suppose 276*t - 281*t + 10 = 0, 740932 = 2*x - 3*t. Is x a composite number?
True
Let k = -9924 + 116458. Is k a composite number?
True
Suppose -2*b + 71 - 51 = 0. Suppose -2*k + 48 = b*k. Suppose -3004 = -k*z + 4*x, -5*x = -z - 0*z + 759. Is z a composite number?
True
Let t(n) = 26404*n - 7733. Is t(3) prime?
True
Suppose -12*p + 7*p + 40 = 0. Suppose 2*s - 18 - 260 = 2*u, -p = -2*u. Is s composite?
True
Let f(v) = 2*v - 8. Let a be f(5). Suppose 6122 = s - a*g - 2051, -3*s - 2*g = -24519. Is s a prime number?
False
Suppose 8*k - 260 - 44 = 0. Suppose -36*r = -k*r + 678. Is r a prime number?
False
Let y(d) = 4*d + 56. Let t be y(-14). Suppose t = 19*z - 11*z - 9368. Is z prime?
True
Suppose 0 = 112*y - 40*y - 2509992. Is y prime?
False
Let m = -1383392 - -2978717. Is m/275 + (-6)/33*1 composite?
False
Suppose -2133851 = -3*a + 2*s, -5*a - 2613218 = s - 6169658. Is a a composite number?
False
Let a be 218/3*(249/6 - -5). Suppose -c = -x + a, -2*x + 3*x - 3375 = -c. Is x composite?
True
Let l(w) = 114*w - 13. Let s(k) = 457*k - 52. Let o = 41 - 39. Let h(j) = o*s(j) - 9*l(j). Is h(-7) prime?
True
Suppose 0 = 6*w - 101 + 5. Let b be -2*4/w*-4. Suppose -x - 3*x = -5*s + 2625, b*s - 4*x = 1038. Is s composite?
True
Let g = 1646498 - 889869. Is g a composite number?
False
Suppose 740360 = 4*y + 22*y + 104218. Is y prime?
False
Suppose d = 2*k - 109294, -5*d + 85696 + 78245 = 3*k. Is k composite?
False
Let j(y) = y**2 + 2*y + 4. Let g be j(-2). Suppose 2 - g = -f. Suppose 2*b = -3*v + 236, -f*v + 180 = 3*b - 174. Is b prime?
False
Let f = -233 + 231. Is 12489/2 - (-3)/f a composite number?
True
Let p = -1428 - -7051. Is p a prime number?
True
Let w(i) = -2*i**3 - 14*i**2 + 10*i - 4. Let l be w(-23). Suppose -l = -6*g + 26092. Is g a composite number?
True
Let j(s) = 502*s. Let q be (-2)/(((-9)/6)/(18/(-24))). Let v(x) = -x. Let g(t) = q*j(t) - 3*v(t). Is g(-1) prime?
True
Let r(h) = 88843*h - 13388. Is r(13) a composite number?
False
Let g = 42 + -40. Suppose 0*t + 3 = -t, -2*z = 2*t - g. Suppose -5*j + 3681 = -n, -1116 - 1111 = -3*j - z*n. Is j a prime number?
False
Suppose 2*c - 21965 = -3*c. Let w = c + -2982. Suppose -698 = -a + r, -2*a - 5*r + 2*r + w = 0. Is a composite?
False
Let p = 5965 - 4034. Suppose p + 2604 = 5*x. Is x a prime number?
True
Suppose -5*n = -2*u - 36, -3*u + 10 = 2*u. Let v be (0 + (-1238)/n)/((-20)/80). Suppose -g + 302 = -5*x, 2*x + 3*x + v = 2*g. Is g a composite number?
False
Let l(z) = 56*z - 2. Let d be l(-2). Is (0 + d/(-30) + -4)*-77305 a composite number?
False
Let b(j) = -90*j**3 - 45*j**2 + 13*j - 45. Is b(-11) a prime number?
True
Is (19/4)/(669/38933124) composite?
True
Suppose 0 = 13*d + 5*d - 1343412. Suppose 3*o - 17*o = -d. Is o a composite number?
True
Let q = 5 - 32. Let z = q - -30. Suppose 3*v - z*b - 504 = 0, 152 = v - 2*b - 15. Is v a composite number?
True
Let q = 2122295 + -1206988. Is q composite?
True
Suppose 0 = 2*b - 5*w - 65, 11*b - 40 = 8*b - 4*w. Suppose 0 = -b*r + 19425 + 19435. Is r a prime number?
False
Suppose v + 3*a - 13 = 0, v - a + 10 = 11. Suppose -7*r + 3*i + 3682 = -5*r, v*r = -5*i + 7408. Is r a composite number?
False
Suppose 625154 = i - 3*q, -5*i = 5*q - 1496673 - 1629037. Is i prime?
False
Let v(m) = -2*m**2 - 4*m + 8. Let n be v(-3). Suppose -3*c + 8827 = -5*h + 2136, -n*h = 5*c - 11193. Is c a prime number?
True
Let k = 11173 - 7368. Suppose 4*b = g - k, -4*b + 7005 = 2*g - 653. Is g a prime number?
True
Let b be ((-843)/3)/(2/(-2)). Suppose -5*x + 3*j = 9743, -5*x + 2*j - 10023 = -b. Is (x/12)/(2/(-6)) a prime number?
True
Let p(b) = 8*b - 55. Let j be p(6). Let y(c) = -33*c**3 + 9*c**2 + 9*c - 28. Is y(j) prime?
False
Suppose 9097 = 5*a + 2*z - 50192, -3*z - 23708 = -2*a. Let u = a - 2594. Is u a prime number?
False
Let r be ((-8)/168*-15757)/((-2)/78). Let l = -12660 - r. Is l prime?
True
Suppose 4*t = 0, 11*l - 12*l - 6*t = -42011. Is l a composite number?
True
Let q(c) = -c**3 + c**2 + 32*c - 17. Let z be q(-14). Suppose 11*t = -z + 19118. Is t a prime number?
False
Let t = -6 + -39. Let i = t - -47. Suppose 0 = 2*s + i*s - 4124. Is s prime?
True
Let d(v) = 3*v**2 - 3*v - 23. Suppose u + 5 + 2 = 0. Let n be d(u). Suppose -30 = w - n. Is w a prime number?
False
Let i(t) = -t**2 - 10*t - 6. Let x be i(-4). Suppose -x*n + 93252 = 24042. Is n a prime number?
False
Let t = -696 - -3919. Let p = t + 184. Is p a composite number?
False
Suppose -4*f - 2811 + 8131 = 0. Let w = f + -868. Let x = 2303 - w. Is x a prime number?
False
Let d(h) = -48*h - 70. Suppose p - 75 = 55. Suppose 3*w - p = 13*w. Is d(w) prime?
False
Suppose -23 = d - 25. Suppose b - 5046 = 5*i, -b + 5074 = -0*i + d*i. Suppose 3*v - b = -860. Is v a composite number?
True
Let g be 1 + (8 - (6 + (-16 - -9))). Suppose 0*j = j - 8217. Suppose 0 = -g*u + j + 44233. Is u composite?
True
Let n = 387465 - 256664. Suppose -487981 + n = -12*r. Is r prime?
False
Suppose -2*i + 415834 = 2*u, 2*i + 0*u + u = 415840. Is i composite?
False
Let u(v) = 50*v**2 - v - 25. Suppose -4*d = -3*p + 22, -4*d - 11 = -p + d. Let w be u(p). Suppose 3*o - 2924 - 2355 = -2*j, -3*j = o - w. Is o composite?
True
Suppose 7308 = 3*z + 3*b, 7300 = 3*z - 0*z - b. Let h = -1227 + z. Is h prime?
False
Suppose -237722 + 4394851 = 52*j + 45*j. Is j a prime number?
False
Suppose -2*z - 5*d = -d + 2704, 0 = -5*z + d - 6738. Let n = z + 5325. Is n prime?
False
Let v(a) = 21*a**2 + 3*a - 48. Let l be v(11). Let t = l - 929. Is t prime?
True
Is ((-8)/(-5) - 2)*8022295/(-27 - 16) composite?
True
Suppose -16*p - 646923 = -42*p + 23*p. Is p composite?
True
Suppose -90*f + 54*f - 115*f = -60967609. Is f a prime number?
False
Let t be -5*102380/3*123/(-41). Suppose -7*s + t = 13*s. Is s a composite number?
True
Is 811232/20 + 20 + (-14)/(-10) prime?
True
Let l be ((-4)/8)/((-2)/16). Suppose 0 = 2*b - l*b + 1682. Is b composite?
True
Let f be (-1)/(12/(-213))*(-1 - -5). Let t = f - 76. Is -5749*(1/4)/(t/20) prime?
True
Suppose 1 = -3*a + 4, n = -2*a + 8. Let i be (2 - -4)/18 + 3286/n. Suppose 3*j + 2*p - i = -3*p, j - 5*p - 216 = 0. Is j composite?
False
Suppose 8*m - c - c = 230006, -3*m + 2*c + 86251 = 0. Is m prime?
True
Let l(x) = x**3 - 3*x**2 + 4*x - 5. Let a be l(2). Let g = 8 - a. Is (-6795)/(4 - g) + 2 composite?
False
Let w(q) = 13*q**2 - 48*q - 5. Is w(38) a prime number?
True
Suppose g = -u + 2914 + 563, g - 3465 = 5*u. Let v = g - 2468. Is v prime?
False
Let o = -206636 + 341085. Is o composite?
True
Let q(k) = -11 - 22*k + k**2 + 18 + 12. Let h be q(12). Is h/(-3)*(1 - 80/(-4)) a prime number?
False
Is 158596/10 + (-189 - -188) + 4/10 a composite number?
False
Let q(s) = -s**2 - 12*s - 11. Let j be q(-7). Is -1 + 24454/5 + j/(-30) composite?
False
Let v be (0 - (-37)/2)*38. Suppose 4*z - b - 1939 = 0, 4*z - 1522 = -5*b + 399. Let n = v - z. Is n a prime number?
False
Suppose 0 = -59*b + 1361108 + 5426075. Is b composite?
True
Let d(c) = 2*c**2 + 16*c - 49. Suppose 2*g - 24 = v + 5*g, -8